8)*-4. Suppose a*x - 2*n - 44 = 0, -3*x = x + 4*n - 44. List the prime factors of x.
11
List the prime factors of (112/35)/(6/4875).
2, 5, 13
Suppose -o - u = 10, -o - 4*u = -5*u. List the prime factors of -3 + 2 + (-966)/35*o.
137
Let z(g) = -g - 3. Let h be z(-6). Suppose -40 - 8 = -h*c. What are the prime factors of c?
2
Let l(u) = u**2 - 4. Let k be l(5). Suppose -3*f = -4*f - k. List the prime factors of (-14)/f - (-67)/3.
23
What are the prime factors of 70 - (0 - (-5 - -1))?
2, 3, 11
Let c be (-16)/(-40) + 88/5. Suppose 0 = 3*j + 30 + c. Let u = j - -26. What are the prime factors of u?
2, 5
Let f(j) = 272*j**2 + 1. Let x be f(-1). Suppose -11*u - x = -14*u. List the prime factors of u.
7, 13
Let t(q) = -3*q**3 - 2*q - 4. Let w be t(-2). Let l = w - -109. Suppose 0*k + 4*k - 3*y = l, 4*y = -2*k + 50. What are the prime factors of k?
31
Suppose 0 = -g + 5*z, -z = 2*z - 3. Suppose -7 + 7 = 11*x. Suppose -4*d + 39 + 69 = 4*w, 4*w + g*d - 108 = x. What are the prime factors of w?
3
Suppose 4*i - 3*o - 619 = 582, 0 = 2*o + 6. List the prime factors of i.
2, 149
Let p = -2452 - -3451. List the prime factors of p.
3, 37
Let c(k) be the first derivative of -7*k**2/2 + 2*k + 14. List the prime factors of c(-11).
79
Suppose -2*a - 15788 = -5*i, 4*i - 2*a = 16111 - 3479. What are the prime factors of i?
2, 3, 263
Suppose 2*p - 25 = 3*p. Let n = p - -36. List the prime factors of n.
11
Let f(y) = 28*y**2 - 8*y + 3. List the prime factors of f(4).
419
Suppose 0 = 4*w - 186 - 318. Suppose 12*c - w - 66 = 0. What are the prime factors of c?
2
Let y = -26 + 22. Let c = y - -66. List the prime factors of c.
2, 31
Let z(h) = -19*h**2 + 121*h + 4. List the prime factors of z(6).
2, 23
Let h = -16 - -18. Suppose 4*x = -h*x + 2202. Suppose 5*r - x = -92. What are the prime factors of r?
5, 11
Suppose -7*w + 3*w = -1100. What are the prime factors of w?
5, 11
Let j(w) = -27*w - 141. List the prime factors of j(-21).
2, 3, 71
Suppose -b - 1 + 3 = 0. What are the prime factors of (-4 - -4) + -1 + b*40?
79
Suppose -30 = -5*t - 5*y, -2*t + 8 = y + 1. Let p(m) = 160*m**2 - 3*m + 2. What are the prime factors of p(t)?
3, 53
What are the prime factors of (-60536)/(-72) + -11 - (-4)/18?
2, 5, 83
Let c be (-4)/(-3) - (-267)/9. Suppose 3*i + 5*q - 66 = 13, -q = -2*i + c. List the prime factors of i.
2, 3
Suppose 4*n - q = 336, 0*n - 5*q = 5*n - 395. Let k = -22 + n. List the prime factors of k.
61
Suppose -3*o + 1717 = 4*k, o - k - 193 = 384. What are the prime factors of o?
5, 23
Let j = 211 + 254. What are the prime factors of j?
3, 5, 31
Let c = -688 + 2422. What are the prime factors of c?
2, 3, 17
Suppose -r = -5*f + 18335, -4*f + 5*f + 3*r - 3683 = 0. List the prime factors of f.
2, 7, 131
Suppose -5*l + 1022 = -2*b, 101*b - 98*b + 615 = 3*l. Suppose 0 = 2*v - 4*h - 9 + 3, 0 = -h - 1. List the prime factors of 1/(l/201 - v).
67
Let m(t) = -t**3 - 4*t**2 - 4*t - 3. Let l be m(-4). Let g = l - 8. Suppose -g*z - 25 = -6*z. List the prime factors of z.
5
What are the prime factors of (11 + -10)/((3/184)/3)?
2, 23
Let j(f) = f**3 + 15*f**2 + 15*f + 5. Let m be j(-14). Let d(s) = -s**3 - 9*s**2 - 3*s + 3. What are the prime factors of d(m)?
2, 3, 5
Let j(m) = m**3 - 37*m**2 + 130*m - 111. List the prime factors of j(37).
37, 127
List the prime factors of 26/4*14/((-8)/(-8)).
7, 13
Suppose 0 = 5*s - 2359 + 714. What are the prime factors of s?
7, 47
Let w(d) = d**2 + 15*d + 10. Let g be w(-14). Let b be (-3 - (-7 + 2)) + g. List the prime factors of (b + (-36)/8)*-2.
13
Suppose 0 = -5*f - c - 0*c, 3*f - 28 = 5*c. Let g = 3 - f. What are the prime factors of ((-1)/g)/(1/(-28))?
2, 7
Suppose -4*y + 6*y = 2*u + 102, -3*y + 145 = -u. Let b = -16 + y. Let g = b + -9. What are the prime factors of g?
2, 11
Let d be (10 - -1)*(-21)/(-21). Let w = d + 25. What are the prime factors of w?
2, 3
Suppose 4*t - 5*c - 3340 - 3059 = 0, -4*t = -c - 6419. List the prime factors of t.
2, 11, 73
Let g = 28 - -8. Suppose 3*a = -a - g. Let y(d) = -d**3 - 9*d**2 - 3*d - 5. What are the prime factors of y(a)?
2, 11
Suppose -66 = 14*w + 508. Suppose -s + 348 = 3*s. Let g = w + s. List the prime factors of g.
2, 23
Let u = -98 - -100. List the prime factors of 150/(1 - u)*28/(-21).
2, 5
Suppose j + 822 = 3*j. List the prime factors of j.
3, 137
Let n(v) = v**3 + 8*v**2 + 2*v + 3. Let q = 0 - 7. Let u be n(q). Suppose 0*w + 2*l + u = 2*w, -42 = -3*w - 2*l. List the prime factors of w.
2
Let j = 2932 - 2031. List the prime factors of j.
17, 53
Suppose -3*v + 6 = 3. Let d be ((-15)/10)/(v/(-2)). Suppose d*f + 2 = 38. List the prime factors of f.
2, 3
Suppose -6*o = -8*o + 6. Suppose -o*y - 19 + 7 = 0. List the prime factors of 22 - (y + (0 - -1)).
5
Let u = -506 - -699. What are the prime factors of u?
193
Let j(h) = 10*h - 6*h**2 - 6*h**3 - 2*h**3 - 4*h**3 + 11*h**3 + 10. Let w be j(-7). Let b = -3 - w. What are the prime factors of b?
2
Let s be 134/12 + (-2)/12. Let v = s - 33. List the prime factors of ((-5)/(-10))/((-1)/v).
11
Suppose -6*w + 50 = -w. Let j = w + 24. List the prime factors of j.
2, 17
Let b = -265 + 417. Let p = 103 - b. List the prime factors of (-4 + 6)/2 - p.
2, 5
Let q(a) = a**3 - 7*a**2 + 5*a - 2. Suppose -4*v = 3*i - 33 - 8, -v - 9 = -2*i. Let o be q(i). Let w = 63 - o. What are the prime factors of w?
2, 3, 5
Let r = 61 - 104. Let m = r + 81. What are the prime factors of m?
2, 19
Let v = -115 + 266. Suppose q + 4*d - 43 - 29 = 0, 2*q + d - v = 0. List the prime factors of q.
2, 19
Let z(t) = t**3 + 8*t**2 + 7*t - 1. Let y be z(-7). Let c = 7 + y. What are the prime factors of (26/(-5))/(c/(-15))?
13
Suppose 2 + 13 = 5*s. Suppose -s*k = -240 + 48. What are the prime factors of k?
2
Let r = -859 + 1127. List the prime factors of r.
2, 67
Let g(f) = -1803*f - 96. What are the prime factors of g(-1)?
3, 569
Suppose 65 - 405 = -5*f - 3*m, 135 = 2*f + m. Let t = f - 24. List the prime factors of t.
41
Suppose l + 4*l - 305 = 5*b, 0 = -4*b - 8. Let h = l - 23. What are the prime factors of h?
2, 3
Let q = -6 + 8. List the prime factors of 27 + q/3*6.
31
Let y = -1 + 6. Suppose -y*j - 25 = -5*a, -14 = -2*a + 4*j - 0*j. What are the prime factors of (-3)/a + (1 - -12)?
2, 3
Suppose -200558 - 103304 = -62*u. List the prime factors of u.
13, 29
Let n be (-3 - -2)/((-1)/179). Let t = n - 110. List the prime factors of t.
3, 23
Suppose 4*o + 0*o = 544. Suppose -o = -5*r + 89. Suppose -2*k - 5*i = -5*k + 27, -3*i - r = -5*k. What are the prime factors of k?
3
Suppose -2*u + 2655 = 11*b - 16*b, -u - 3*b = -1333. What are the prime factors of u?
2, 5, 7, 19
Suppose -5*j - s + 996 = 0, 2*j + 70 - 458 = -3*s. Suppose -3*g = -4*n + g + j, 58 = n - 3*g. Let o = n + -30. What are the prime factors of o?
2
Let c = -3719 - -6449. List the prime factors of c.
2, 3, 5, 7, 13
Suppose 5*p + 0*p + 4*g = 37, -4*p = 2*g - 26. Suppose p*w + 4 = 9. List the prime factors of -1 + w/((-1)/(-15)).
2, 7
Let a = 9 + -6. Suppose 3*h + 2*z = 227, -266 = -3*h + a*z - 29. List the prime factors of h.
7, 11
Let o be (834/(-9))/2*-3. Let j = -109 + o. What are the prime factors of j?
2, 3, 5
Let q = -12 + -3. Let t(g) = -g**3 - 10*g**2 - 13*g - 38. Let o be t(-9). Let a = o - q. List the prime factors of a.
13
Let m(z) = -201*z + 18*z**2 - 1 + 197*z - 1. What are the prime factors of m(3)?
2, 37
Let u(r) be the third derivative of -r**4/2 + r**3/3 - 8*r**2. Let l be u(4). Let d = 121 + l. List the prime factors of d.
3, 5
Let t(o) = -o**3 + 10*o**2 + 11*o. Let s be t(11). Suppose s = -r + 1 + 3. Suppose -r*f + 56 = -0*f. What are the prime factors of f?
2, 7
Let j(z) = -z**3 + 13*z**2 - 10*z + 3. Suppose -2*i + 4*a = 3*i + 185, i + 18 = -3*a. Let k be (i - -3)*(-4)/10. List the prime factors of j(k).
3
Let o(x) be the first derivative of -x**3 + 3*x**2 - x - 6. Let k(u) be the first derivative of o(u). What are the prime factors of k(-3)?
2, 3
Let c be (0*(-4)/28)/(-2 - -3). List the prime factors of (c + 223)*(7 + 0 + -6).
223
Let y(w) = -w**2 + 7*w + 5. Let n be (-12 + 10)/((-4)/10). Let g be y(n). Suppose -2*z + g = -29. What are the prime factors of z?
2, 11
Let d = -3675 + 6680. What are the prime factors of d?
5, 601
Let w(k) = k**3 - 6*k**2 + 34*k + 7. List the prime factors of w(8).
11, 37
Let h(y